 279 and 36.
9
What is the highest common divisor of 15 and 15?
15
Calculate the highest common factor of 44 and 17886.
22
What is the greatest common divisor of 210 and 70?
70
Calculate the greatest common divisor of 37 and 999.
37
Calculate the greatest common factor of 560 and 1890.
70
Calculate the greatest common divisor of 120 and 7950.
30
What is the highest common factor of 420 and 1365?
105
Calculate the greatest common divisor of 610 and 5246.
122
What is the greatest common divisor of 56 and 1008?
56
Calculate the highest common factor of 1971 and 9.
9
Calculate the greatest common factor of 63 and 1974.
21
What is the highest common divisor of 7008 and 365?
73
Calculate the highest common factor of 1582 and 56.
14
What is the highest common divisor of 32 and 32?
32
What is the highest common factor of 10206 and 54?
54
What is the highest common divisor of 56 and 7280?
56
Calculate the greatest common factor of 33 and 12045.
33
Calculate the highest common divisor of 6 and 57.
3
Calculate the greatest common divisor of 800 and 3950.
50
Calculate the highest common divisor of 7290 and 450.
90
Calculate the greatest common divisor of 816 and 102.
102
Calculate the highest common factor of 222 and 999.
111
Calculate the greatest common divisor of 36 and 1773.
9
What is the highest common divisor of 62 and 7316?
62
What is the greatest common divisor of 32 and 368?
16
Calculate the greatest common divisor of 16 and 2456.
8
What is the highest common divisor of 84 and 12?
12
Calculate the highest common divisor of 121 and 55.
11
Calculate the highest common divisor of 24 and 132.
12
What is the greatest common divisor of 27710 and 510?
170
What is the highest common divisor of 93 and 21?
3
Calculate the greatest common factor of 68 and 8908.
68
Calculate the highest common factor of 1437 and 6.
3
What is the greatest common divisor of 25 and 3125?
25
Calculate the greatest common factor of 5 and 17.
1
What is the highest common factor of 209 and 2432?
19
Calculate the greatest common factor of 520 and 1930.
10
What is the highest common factor of 99 and 1089?
99
Calculate the greatest common divisor of 38 and 836.
38
Calculate the highest common factor of 1981 and 77.
7
Calculate the highest common factor of 115 and 5.
5
What is the highest common divisor of 1656 and 1008?
72
Calculate the greatest common divisor of 16 and 400.
16
Calculate the greatest common factor of 376 and 8.
8
What is the highest common divisor of 19 and 53865?
19
Calculate the highest common factor of 441 and 9.
9
Calculate the highest common factor of 2235 and 30.
15
What is the highest common divisor of 300 and 84?
12
Calculate the greatest common factor of 1450 and 203.
29
Calculate the highest common factor of 1150 and 920.
230
Calculate the highest common factor of 2784 and 2400.
96
What is the highest common divisor of 1943 and 268?
67
What is the greatest common factor of 1104 and 3220?
92
What is the greatest common factor of 256 and 64?
64
What is the greatest common divisor of 3127 and 106?
53
What is the greatest common divisor of 670 and 20?
10
What is the greatest common divisor of 99 and 55?
11
What is the highest common factor of 2 and 162?
2
Calculate the highest common divisor of 53 and 371.
53
Calculate the greatest common factor of 671 and 22.
11
Calculate the highest common factor of 567 and 405.
81
Calculate the greatest common factor of 24 and 2136.
24
What is the greatest common divisor of 1089 and 396?
99
What is the highest common divisor of 70 and 35?
35
Calculate the highest common factor of 862 and 2.
2
Calculate the greatest common divisor of 1624 and 77.
7
Calculate the highest common divisor of 1624 and 112.
56
What is the highest common factor of 72 and 8892?
36
Calculate the highest common divisor of 1113 and 14.
7
What is the greatest common factor of 280 and 1190?
70
Calculate the highest common factor of 343 and 7.
7
What is the greatest common divisor of 756 and 81?
27
Calculate the greatest common factor of 251 and 31375.
251
What is the greatest common factor of 77 and 2541?
77
Calculate the highest common divisor of 520 and 42380.
260
Calculate the highest common factor of 240 and 180.
60
Calculate the greatest common divisor of 470 and 20.
10
Calculate the greatest common factor of 9 and 3717.
9
Calculate the highest common factor of 1450 and 493.
29
Calculate the greatest common divisor of 15528 and 48.
24
Calculate the highest common divisor of 4444 and 22.
22
Calculate the greatest common factor of 136 and 4964.
68
Calculate the greatest common divisor of 34 and 7582.
34
What is the highest common divisor of 1311 and 69?
69
What is the greatest common factor of 294 and 413?
7
What is the greatest common factor of 86 and 2021?
43
What is the highest common divisor of 1417 and 52?
13
Calculate the greatest common factor of 13927 and 19.
19
What is the highest common divisor of 715 and 165?
55
What is the greatest common factor of 46 and 14?
2
What is the highest common divisor of 32 and 19664?
16
What is the greatest common divisor of 10352 and 32?
16
Calculate the greatest common divisor of 1763 and 215.
43
Calculate the greatest common divisor of 225 and 180.
45
Calculate the greatest common factor of 12 and 8916.
12
What is the greatest common factor of 1581 and 2754?
51
What is the highest common factor of 156 and 8?
4
What is the highest common factor of 1494 and 198?
18
What is the highest common divisor of 561 and 34?
17
What is the highest common factor of 62 and 1302?
62
Calculate the greatest common divisor of 210 and 30.
30
Calculate the highest common factor of 15 and 180.
15
What is the highest common factor of 13718 and 38?
38
Calculate the highest common factor of 621 and 3243.
69
Calculate the highest common divisor of 96 and 276.
12
Calculate the greatest common factor of 840 and 6.
6
What is the highest common factor of 18 and 3402?
18
Calculate the highest common factor of 368 and 23.
23
What is the greatest common divisor of 71 and 1278?
71
Calculate the greatest common factor of 129 and 369.
3
What is the greatest common divisor of 944 and 118?
118
Calculate the greatest common factor of 805 and 345.
115
What is the highest common factor of 30 and 8835?
15
Calculate the highest common factor of 150 and 400.
50
What is the greatest common divisor of 44 and 54406?
22
What is the highest common factor of 1185 and 15?
15
Calculate the greatest common factor of 13 and 247.
13
What is the highest common divisor of 155 and 5?
5
What is the greatest common divisor of 1408 and 6016?
128
What is the greatest common factor of 285 and 323?
19
What is the highest common divisor of 66 and 1298?
22
What is the highest common factor of 38 and 55214?
38
Calculate the greatest common divisor of 152 and 336.
8
What is the highest common divisor of 67 and 1139?
67
Calculate the greatest common divisor of 202 and 1515.
101
Calculate the highest common factor of 14465 and 263.
263
What is the highest common factor of 1462 and 918?
34
What is the highest common divisor of 150903 and 207?
207
Calculate the highest common factor of 434 and 403.
31
What is the greatest common divisor of 3630 and 30?
30
Calculate the highest common divisor of 19 and 1748.
19
Calculate the greatest common factor of 672 and 147.
21
What is the greatest common divisor of 2028 and 273?
39
Calculate the highest common divisor of 3737 and 74.
37
What is the greatest common factor of 350 and 2550?
50
What is the highest common factor of 36 and 186?
6
Calculate the greatest common factor of 256 and 304.
16
Calculate the highest common factor of 645 and 38485.
215
What is the greatest common divisor of 55 and 55?
55
Calculate the highest common divisor of 398 and 8.
2
What is the highest common divisor of 8030 and 10?
10
What is the greatest common divisor of 50 and 70?
10
What is the highest common factor of 14 and 49?
7
Calculate the highest common factor of 2714 and 236.
118
What is the highest common divisor of 152 and 437?
19
Calculate the highest common factor of 1900 and 133.
19
Calculate the greatest common factor of 1288 and 56.
56
Calculate the highest common factor of 35 and 1505.
35
What is the highest common divisor of 8 and 7?
1
What i